{"id":6907,"date":"2016-07-21T17:24:21","date_gmt":"2016-07-21T15:24:21","guid":{"rendered":"https:\/\/www.juegosmalabares.com\/blog\/?page_id=6907"},"modified":"2018-01-18T18:15:30","modified_gmt":"2018-01-18T17:15:30","slug":"articulos-thom-wall","status":"publish","type":"page","link":"https:\/\/www.juegosmalabares.com\/blog\/articulos-thom-wall\/","title":{"rendered":"Thom Wall"},"content":{"rendered":"<h3 class=\"bluetext\">Art\u00edculos de Thom Wall<\/h3>\n<div class=\"biocontainer\">\n<div class=\"bioleft\">\n        <a href=\"https:\/\/www.juegosmalabares.com\/blog\/el-numero-sin-la-tecnica\/\" target=\"_blank\" rel=\"noopener noreferrer\"><\/p>\n<figure><img src=\"https:\/\/www.juegosmalabares.com\/blog\/wp-content\/uploads\/2016\/03\/el-numero-sin-la-tecnica.jpeg\" alt=\"El n\u00famero sin la t\u00e9cnica. Haciendo las cosas interesantes\" width=\"192px\"><\/figure>\n<p>    El n\u00famero sin la t\u00e9cnica.<br \/>\nHaciendo las cosas interesantes<\/a>\n    <\/div>\n<div class=\"biocenter\">\n        <a href=\"https:\/\/www.juegosmalabares.com\/blog\/metodos-creacion-numeros-i-metodo-postal\/\" target=\"_blank\" rel=\"noopener noreferrer\"><\/p>\n<figure><img src=\"https:\/\/www.juegosmalabares.com\/blog\/wp-content\/uploads\/2016\/10\/metodo-creacion-postal-192.jpg\" alt=\"M\u00e9todos de creaci\u00f3n de n\u00fameros (I) \u2013 El m\u00e9todo de la postal\" width=\"192px\"><\/figure>\n<p>    M\u00e9todos de creaci\u00f3n de n\u00fameros (I)<br \/>\nEl m\u00e9todo de la postal<\/a>\n    <\/div>\n<div class=\"bioright\">\n        <a href=\"https:\/\/www.juegosmalabares.com\/blog\/metodos-creacion-numeros-ii-metodo-cuento\/\" target=\"_blank\" rel=\"noopener noreferrer\"><\/p>\n<figure><img src=\"https:\/\/www.juegosmalabares.com\/blog\/wp-content\/uploads\/2016\/11\/metodo-creacion-cuento-192.jpg\" alt=\"M\u00e9todos de creaci\u00f3n de n\u00fameros (II) \u2013 El m\u00e9todo del cuento\" width=\"192px\"><\/figure>\n<p>    M\u00e9todos de creaci\u00f3n de n\u00fameros (II)<br \/>\nEl m\u00e9todo del cuento<\/a>\n    <\/div>\n<\/div>\n<div style=\"clear:both;\"><\/div>\n<div class=\"biocontainer\">\n<div class=\"bioleft\">\n        <a href=\"https:\/\/www.juegosmalabares.com\/blog\/contratos-espectaculos-animadores\/\" target=\"_blank\" rel=\"noopener noreferrer\"><\/p>\n<figure><img src=\"https:\/\/www.juegosmalabares.com\/blog\/wp-content\/uploads\/2017\/11\/contratos-espectaculos-artistas-animadores-192.jpg\" alt=\"Los contratos para espect\u00e1culos, artistas y animadores\" width=\"192px\"><\/figure>\n<p>    Los contratos para espect\u00e1culos, artistas y animadores<\/a>\n    <\/div>\n<div class=\"biocenter\">\n        <a href=\"https:\/\/www.juegosmalabares.com\/blog\/entrenando-para-circo-del-sol\/\" target=\"_blank\" rel=\"noopener noreferrer\"><\/p>\n<figure><img src=\"https:\/\/www.juegosmalabares.com\/blog\/wp-content\/uploads\/2018\/01\/entrenando-para-circo-del-sol-192.jpg\" alt=\"Entrenando para el Circo del Sol\" width=\"192px\"><\/figure>\n<p>            Entrenando para el Circo del Sol<\/a>\n    <\/div>\n<\/div>\n<div class=\"bio-separador\">&nbsp;<\/div>\n<h3 class=\"bluetext\">Biograf\u00eda<\/h3>\n<p><a href=\"http:\/\/thomwall.com\/\" target=\"_blank\" rel=\"nofollow noopener noreferrer\">Thom Wall<\/a> es campe\u00f3n mundial dos veces consecutivas de malabares con tres pelotas y ganador de la medalla de plata de la competici\u00f3n International Juggler&#8217;s Association de 2012. Actualmente, Thom Wall colabora con <b>Curtis Carlyle<\/b> en un espect\u00e1culo de humor con malabares titulado \u201cThe Hopeless Throwmantics\u201d.<\/p>\n<figure><img loading=\"lazy\" class=\"aligncenter wp-image-6918\" src=\"https:\/\/www.juegosmalabares.com\/blog\/wp-content\/uploads\/2016\/07\/thom-wall-articulos.jpg\" alt=\"Thom Wall\" width=\"400\" height=\"571\" srcset=\"https:\/\/www.juegosmalabares.com\/blog\/wp-content\/uploads\/2016\/07\/thom-wall-articulos.jpg 400w, https:\/\/www.juegosmalabares.com\/blog\/wp-content\/uploads\/2016\/07\/thom-wall-articulos-210x300.jpg 210w\" sizes=\"(max-width: 400px) 100vw, 400px\" \/><\/figure>\n<p>Un artista con grandes dotes malabar\u00edsticas, interpretativas y teatrales, que fue entrenando a lo largo de su vida con figuras como el reconocido malabarista <b>Stefan Sing<\/b>, Donlin Marsh, de la <b>compa\u00f1\u00eda de danza Martha Graham<\/b>, y en entrenamiento en el <b>Ringling Brothers\u2019 Clown College<\/b>; finalmente se gradua en el <b>NECCA<\/b> (New England Center for Circus Arts).<\/p>\n<p>De 2009 a 2013 estuvo en el consejo de administraci\u00f3n de la <b>International Juggler&#8217;s Association<\/b> (<b>IJA<\/b>), donde ayud\u00f3 a encontrar un nuevo formato de competici\u00f3n internacional, implementar eJuggle, la revista digital de la IJA. Adem\u00e1s, su trabajo con programas educacionales online, de alcance mundial y la inclusi\u00f3n de nuevos miembros gracias a la revista digital, trajo a la IJA nuevos miembros y mayor respecto por la asociaci\u00f3n.<\/p>\n<p>Thom ha actuado con el Circo del Sol y ha recibido m\u00e1s de <a href=\"https:\/\/en.wikipedia.org\/wiki\/Thom_Wall\" target=\"_blank\" rel=\"nofollow noopener noreferrer\">20 premios nacionales e internacionales<\/a> por sus actuaciones. Es un habitual de la lista de los 40 mejores malabaristas del mundo.<\/p>\n<p>\u00daltimamente ha estado trabajando en el Circo del Sol como malabarista en solitario en el espect\u00e1culo \u00abTotem\u00bb de gira por Jap\u00f3n, Estados Unidos, Canad\u00e1 y Nueva Zelanda.<\/p>\n","protected":false},"excerpt":{"rendered":"<p>Art\u00edculos de Thom Wall El n\u00famero sin la t\u00e9cnica. Haciendo las cosas interesantes M\u00e9todos de creaci\u00f3n de n\u00fameros (I) El m\u00e9todo de la postal M\u00e9todos de creaci\u00f3n de n\u00fameros (II) El m\u00e9todo del cuento Los contratos para espect\u00e1culos, artistas y animadores Entrenando para el Circo del Sol &nbsp; Biograf\u00eda Thom Wall es campe\u00f3n mundial dos [&hellip;]<\/p>\n","protected":false},"author":4,"featured_media":0,"parent":0,"menu_order":0,"comment_status":"closed","ping_status":"closed","template":"","meta":{"ngg_post_thumbnail":0},"tags":[132,99],"_links":{"self":[{"href":"https:\/\/www.juegosmalabares.com\/blog\/wp-json\/wp\/v2\/pages\/6907"}],"collection":[{"href":"https:\/\/www.juegosmalabares.com\/blog\/wp-json\/wp\/v2\/pages"}],"about":[{"href":"https:\/\/www.juegosmalabares.com\/blog\/wp-json\/wp\/v2\/types\/page"}],"author":[{"embeddable":true,"href":"https:\/\/www.juegosmalabares.com\/blog\/wp-json\/wp\/v2\/users\/4"}],"replies":[{"embeddable":true,"href":"https:\/\/www.juegosmalabares.com\/blog\/wp-json\/wp\/v2\/comments?post=6907"}],"version-history":[{"count":0,"href":"https:\/\/www.juegosmalabares.com\/blog\/wp-json\/wp\/v2\/pages\/6907\/revisions"}],"wp:attachment":[{"href":"https:\/\/www.juegosmalabares.com\/blog\/wp-json\/wp\/v2\/media?parent=6907"}],"wp:term":[{"taxonomy":"post_tag","embeddable":true,"href":"https:\/\/www.juegosmalabares.com\/blog\/wp-json\/wp\/v2\/tags?post=6907"}],"curies":[{"name":"wp","href":"https:\/\/api.w.org\/{rel}","templated":true}]}}