{"id":6307,"date":"2016-02-10T17:28:42","date_gmt":"2016-02-10T16:28:42","guid":{"rendered":"https:\/\/www.juegosmalabares.com\/blog\/copia_-ray\/"},"modified":"2020-01-10T17:14:50","modified_gmt":"2020-01-10T16:14:50","slug":"articulos-dani-fausto","status":"publish","type":"page","link":"https:\/\/www.juegosmalabares.com\/blog\/articulos-dani-fausto\/","title":{"rendered":"Dani Fausto"},"content":{"rendered":"<h3 class=\"bluetext\">Art\u00edculos de Dani Fausto<\/h3>\n<div class=\"biocontainer\">\n<div class=\"bioleft\"><a title=\"Videotutorial - Malabares con tres pelotas, la cascada\" href=\"https:\/\/www.juegosmalabares.com\/blog\/videotutorial-malabares-tres-pelotas-cascada\/\" target=\"_blank\" rel=\"noopener noreferrer\"><\/p>\n<figure><img src=\"https:\/\/www.juegosmalabares.com\/blog\/wp-content\/uploads\/2015\/12\/videotutorial-malabares-3-bolas-cascada.jpg\" alt=\"Videotutorial \u2013 Malabares con tres pelotas, la cascada\" width=\"192px\"><\/figure>\n<p>Videotutorial \u2013 Malabares con tres pelotas, la cascada<\/a>\n\t<\/div>\n<div class=\"biocenter\"><a title=\"Videotutorial - Recoger los malabares cuando caen al suelo\" href=\"https:\/\/www.juegosmalabares.com\/blog\/videotutorial-recoger-malabares-caen-suelo\/\" target=\"_blank\" rel=\"noopener noreferrer\"><\/p>\n<figure><img src=\"https:\/\/www.juegosmalabares.com\/blog\/wp-content\/uploads\/2016\/03\/tutorial-malabares-recoger-suelo.jpg\" alt=\"Videotutorial - Recoger los malabares cuando caen al suelo\" width=\"192px\"><\/figure>\n<p>Videotutorial &#8211; Recoger los malabares cuando caen al suelo<\/a>\n\t<\/div>\n<div class=\"bioright\"><a title=\"Videotutorial - Ya hago malabares con tres pelotas, \u00bfy ahora qu\u00e9?\" href=\"https:\/\/www.juegosmalabares.com\/blog\/ya-hago-malabares-con-tres-pelotas-y-ahora-que\/\" target=\"_blank\" rel=\"noopener noreferrer\"><\/p>\n<figure><img src=\"https:\/\/www.juegosmalabares.com\/blog\/wp-content\/uploads\/2016\/04\/videotutorial-ya-se-hacer-cascada-y-ahora-que.jpg\" alt=\"Videotutorial - Ya hago malabares con tres pelotas, \u00bfy ahora qu\u00e9?\" width=\"192px\"><\/figure>\n<p>Videotutorial &#8211; Ya hago malabares con tres pelotas, \u00bfy ahora qu\u00e9?<\/a>\n\t<\/div>\n<\/div>\n<div style=\"clear:both;\"><\/div>\n<div class=\"biocontainer\">\n<div class=\"bioleft\"><a title=\"Videotutorial \u2013 Siteswap: iniciaci\u00f3n\" href=\"https:\/\/www.juegosmalabares.com\/blog\/videotutorial-siteswap-iniciacion\/\" target=\"_blank\" rel=\"noopener noreferrer\"><\/p>\n<figure><img src=\"https:\/\/www.juegosmalabares.com\/blog\/wp-content\/uploads\/2016\/05\/tutorial-malabares-siteswap-iniciacion.jpg\" alt=\"Videotutorial \u2013 Siteswap: iniciaci\u00f3n\" width=\"192px\"><\/figure>\n<p>Videotutorial \u2013 Siteswap: iniciaci\u00f3n<\/a><\/p><\/div>\n<div class=\"biocenter\"><a title=\"Videotutorial \u2013 Siteswap: primeras secuencias\" href=\"https:\/\/www.juegosmalabares.com\/blog\/videotutorial-siteswap-primeras-secuencias\/\" target=\"_blank\" rel=\"noopener noreferrer\"><\/p>\n<figure><img src=\"https:\/\/www.juegosmalabares.com\/blog\/wp-content\/uploads\/2016\/07\/tutorial-malabares-siteswap-primeras-secuencias.jpg\" alt=\"Videotutorial \u2013 Siteswap: primeras secuencias\" width=\"192px\"><\/figure>\n<p>Videotutorial \u2013 Siteswap: primeras secuencias<\/a>\n\t<\/div>\n<div class=\"bioright\"><a title=\"Videotutorial \u2013 El giro de las mazas\" href=\"https:\/\/www.juegosmalabares.com\/blog\/videotutorial-giro-de-las-mazas\/\" target=\"_blank\" rel=\"noopener noreferrer\"><\/p>\n<figure><img src=\"https:\/\/www.juegosmalabares.com\/blog\/wp-content\/uploads\/2016\/08\/tutorial-malabares-giro-de-la-maza.jpg\" alt=\"Videotutorial \u2013 El giro de las mazas\" width=\"192px\"><\/figure>\n<p>Videotutorial \u2013 El giro de las mazas<\/a>\n\t<\/div>\n<\/div>\n<div style=\"clear:both;\"><\/div>\n<div class=\"biocontainer\">\n<div class=\"bioleft\"><a title=\"Videotutorial - Malabares con bolas: control con los pies\" href=\"https:\/\/www.juegosmalabares.com\/blog\/videotutorial-malabares-bolas-control-pies\/\" target=\"_blank\" rel=\"noopener noreferrer\"><\/p>\n<figure><img src=\"https:\/\/www.juegosmalabares.com\/blog\/wp-content\/uploads\/2016\/09\/tutorial-malabares-control-pies.jpg\" alt=\"Videotutorial - Malabares con bolas: control con los pies\" width=\"192px\"><\/figure>\n<p>Videotutorial &#8211; Malabares con bolas: control con los pies<\/a>\n    <\/div>\n<div class=\"biocenter\"><a title=\"Videotutorial \u2013 Malabares con 4 objetos\" href=\"https:\/\/www.juegosmalabares.com\/blog\/videotutorial-malabares-4-objetos\/\" target=\"_blank\" rel=\"noopener noreferrer\"><\/p>\n<figure><img src=\"https:\/\/www.juegosmalabares.com\/blog\/wp-content\/uploads\/2016\/09\/tutorial-malabares-4-objetos.jpg\" alt=\"Videotutorial \u2013 Malabares con 4 objetos\" width=\"192px\"><\/figure>\n<p>Videotutorial \u2013 Malabares con 4 objetos<\/a>\n\t<\/div>\n<div class=\"bioright\"><a title=\"Videotutorial \u2013 La Familia (6,4)\" href=\"https:\/\/www.juegosmalabares.com\/blog\/videotutorial-familia-64\/\" target=\"_blank\" rel=\"noopener noreferrer\"><\/p>\n<figure><img src=\"https:\/\/www.juegosmalabares.com\/blog\/wp-content\/uploads\/2018\/04\/tutorial-malabares-familia-64.jpg\" alt=\"Videotutorial \u2013 La Familia (6,4)\" width=\"192px\"><\/figure>\n<p>Videotutorial \u2013 La Familia (6,4)<\/a>\n\t<\/div>\n<\/div>\n<div class=\"bio-separador\">&nbsp;<\/div>\n<h3 class=\"bluetext\">Biograf\u00eda<\/h3>\n<p><strong>Daniel S\u00e1nchez Rodr\u00edguez<\/strong>, conocido como <strong>Dani Fausto<\/strong> y natural de Madrid, es artista esc\u00e9nico profesional (malabarista, acr\u00f3bata, actor y m\u00fasico) desde 1998, y profesor de malabares desde 2003 hasta la actualidad.<\/p>\n<figure><img loading=\"lazy\" class=\"aligncenter size-full\" src=\"https:\/\/www.juegosmalabares.com\/blog\/wp-content\/uploads\/2016\/02\/dani-fausto-articulos.jpg\" alt=\"Dani Fausto\" width=\"374\" height=\"423\" data-wp-pid=\"6312\"><\/figure>\n<p>Con sus espect\u00e1culos ha recibido varios premios nacionales, as\u00ed como reconocimiento de p\u00fablico y cr\u00edtica.<\/p>\n<p>Su experiencia docente se extiende a nivel internacional. Varias Escuelas de Circo y un sinf\u00edn de convenciones y asociaciones de profesionales y aficionados al malabarismo han acogido sus cursos intensivos, seminarios y master classes, como en las escuales de <strong>Circo Rogelio Rivel<\/strong>, <strong>Carampa<\/strong> y <strong>Circus Space<\/strong>.<\/p>\n<p>Experto en el uso creativo del sistema de notaci\u00f3n Siteswap y la transformaci\u00f3n de Pr\u00e9chac, actualmente sus principales intereses son la composici\u00f3n de nuevos patrones de malabares en pareja y grupo y la creaci\u00f3n de n\u00fameros esc\u00e9nicos para otros artistas en los que la manipulaci\u00f3n de objetos tenga un papel protagonista.<\/p>\n<p>Actualmente forma parte de la <strong>compa\u00f1\u00eda J\u00e9r\u00f4me Thomas<\/strong> y colabora con <strong>Gandini Juggling<\/strong>.<\/p>\n","protected":false},"excerpt":{"rendered":"<p>Art\u00edculos de Dani Fausto Videotutorial \u2013 Malabares con tres pelotas, la cascada Videotutorial &#8211; Recoger los malabares cuando caen al suelo Videotutorial &#8211; Ya hago malabares con tres pelotas, \u00bfy ahora qu\u00e9? Videotutorial \u2013 Siteswap: iniciaci\u00f3n Videotutorial \u2013 Siteswap: primeras secuencias Videotutorial \u2013 El giro de las mazas Videotutorial &#8211; Malabares con bolas: control con [&hellip;]<\/p>\n","protected":false},"author":4,"featured_media":0,"parent":0,"menu_order":0,"comment_status":"closed","ping_status":"closed","template":"","meta":{"ngg_post_thumbnail":0},"tags":[132,99],"_links":{"self":[{"href":"https:\/\/www.juegosmalabares.com\/blog\/wp-json\/wp\/v2\/pages\/6307"}],"collection":[{"href":"https:\/\/www.juegosmalabares.com\/blog\/wp-json\/wp\/v2\/pages"}],"about":[{"href":"https:\/\/www.juegosmalabares.com\/blog\/wp-json\/wp\/v2\/types\/page"}],"author":[{"embeddable":true,"href":"https:\/\/www.juegosmalabares.com\/blog\/wp-json\/wp\/v2\/users\/4"}],"replies":[{"embeddable":true,"href":"https:\/\/www.juegosmalabares.com\/blog\/wp-json\/wp\/v2\/comments?post=6307"}],"version-history":[{"count":0,"href":"https:\/\/www.juegosmalabares.com\/blog\/wp-json\/wp\/v2\/pages\/6307\/revisions"}],"wp:attachment":[{"href":"https:\/\/www.juegosmalabares.com\/blog\/wp-json\/wp\/v2\/media?parent=6307"}],"wp:term":[{"taxonomy":"post_tag","embeddable":true,"href":"https:\/\/www.juegosmalabares.com\/blog\/wp-json\/wp\/v2\/tags?post=6307"}],"curies":[{"name":"wp","href":"https:\/\/api.w.org\/{rel}","templated":true}]}}